Suppose -2*q + 2 = -10. What is the greatest common divisor of q and w?
3
Let m = -3 - -3. Suppose 2*b + 2*i - 24 = m, 2*i + 78 = 5*b + i. Let d = -2 + b. Calculate the highest common divisor of 91 and d.
13
Let a = -4 + 5. Let n(s) = -5*s + 61. Let u be n(12). What is the greatest common divisor of u and a?
1
Let a = 1033 - 997. Calculate the highest common divisor of 684 and a.
36
Suppose 12*u = -u + 2275. What is the greatest common divisor of u and 15?
5
Let o(w) = -w**3 + 12*w**2 - 24*w + 6. Let f be o(8). What is the greatest common divisor of f and 70?
70
Suppose -2*r = -5*w + 18, -2*r - 18 = w + 3*r. Suppose -5*n + 43 = 2*u, -u + 0 = -w*n - 8. What is the greatest common factor of 42 and u?
14
Let i be -10 - 2 - -60 - (-2 - 0). Calculate the greatest common divisor of i and 1375.
25
Let y = -48 - -51. Suppose 0 = -3*f + 15, y*t - 4*f - 16 = -t. What is the greatest common divisor of t and 63?
9
Let w(l) = l**2 - 13*l - 7. Let n be w(-8). Suppose -33*m + n = -32*m. Calculate the greatest common factor of m and 23.
23
Suppose 3*s - 5*s = 10. Let w be (-3)/s - 14/(-10). Suppose -t + 24 = -2*i, -2*t + 36 + w = -2*i. Calculate the greatest common divisor of t and 7.
7
Let i be 2/(-5) - 574/(-35). Let g = i - 4. Suppose -5*p + 226 + 74 = 0. Calculate the highest common divisor of p and g.
12
Let f be 98 + (-2)/(-4)*2. Suppose -5*n - g = -208, -2*n - 120 = -5*n + g. Suppose 102 = 13*l - n. What is the greatest common factor of f and l?
11
Let q(d) be the third derivative of 29*d**4/24 + 2*d**3 - 7*d**2. Let i be q(6). Suppose 0 = -j - 56 + i. Calculate the greatest common factor of j and 52.
26
Suppose 25 = 3*h - 2*z, -15 = -4*h - 10*z + 9*z. Calculate the highest common divisor of h and 175.
5
Let h(w) = 7*w + 96. Let b be h(3). Let m be (-2)/(6/3)*-13. Calculate the greatest common divisor of b and m.
13
Let r = 1539 + -1529. Calculate the highest common divisor of r and 6.
2
Suppose 5 = g - 3. Suppose -11*f = 5*q - 10*f - 200, -2*f = q - 40. What is the greatest common factor of q and g?
8
Let p(j) = 46*j - 3. Let r be p(3). Let c be (-2 + (-12)/(-5))*20 - (-468 - -449). What is the greatest common factor of r and c?
27
Let c be (-51 - -4)*(-5)/(0 - 1). Suppose 0 = 2*t - f - 3*f + 328, 5*t = 4*f - 802. Let g = t - c. Calculate the greatest common factor of g and 11.
11
Let s be -14*(-3 + (-76)/(-28)). Let o be 256/6 - 72/(-54). Calculate the greatest common divisor of s and o.
4
Let s(a) = -a**2 - 3*a + 38. Let m be s(10). Let y = 98 + m. Let k(w) = w**3 - 7*w**2 + 8*w + 6. Let j be k(6). Calculate the greatest common factor of j and y.
6
Suppose -81 = -41*b + 411. Let l = -79 + 121. What is the greatest common divisor of b and l?
6
Suppose 420 = 26*r + 342. What is the highest common divisor of r and 3?
3
Let w = 1174 - 679. What is the greatest common factor of w and 22?
11
Let y be (-6)/(-1 - -4) - -4. Let z(r) = 4*r - 4. Let d be z(y). Suppose -c - d*g - 3 = 0, -5*c + 42 + 6 = -g. What is the highest common factor of 1 and c?
1
Let w = 1 + 41. Let y be (-5 + 8)*14/3. Calculate the greatest common divisor of y and w.
14
Let o(j) = 2*j**2 - 2*j - 2. Let s be o(2). Suppose -s*m - 135 = -5*m. Let f = 8 - -1. Calculate the greatest common factor of m and f.
9
Let j = -619 - -677. Calculate the highest common divisor of j and 87.
29
Suppose 0 = -0*d - 4*d - 60. Let n be 1*3*(-20)/d. Let w be 3 - n*(-1 + 0). What is the greatest common divisor of w and 7?
7
Let b = 1255 - 1003. What is the greatest common factor of 84 and b?
84
Let h = 34 + -21. Let g be (14/21)/((-71)/(-69) - 1). Suppose 4*f - g = h. Calculate the greatest common factor of 18 and f.
9
Let c = -5 + 4. Let n be (36/(3 + -1))/c. Let z be (n - 0)*(-10)/3. What is the highest common divisor of z and 40?
20
Let p(z) = -4*z + 21. Let d be p(4). Suppose -5*j + 112 = -j + o, -2*j - d*o + 56 = 0. Calculate the greatest common factor of 140 and j.
28
Let v(p) = -2*p - 12. Let w be v(0). Let b = -26 - w. Let t = b + 68. What is the greatest common factor of t and 36?
18
Suppose -17*b = -2410 - 21. Calculate the highest common factor of b and 22.
11
Suppose 1 = -4*z + 17. Let s = -41 + 51. Let x = -6 + s. What is the highest common divisor of x and z?
4
Let f be ((-6)/4)/((-2)/4). Let c be f - 7/((-21)/18). Let y = c + -8. What is the greatest common factor of 1 and y?
1
Suppose 123*l - 126*l = -714. What is the highest common divisor of l and 34?
34
Suppose 4*h - 540 = -2*x, 3*h - 269 = -5*x + 4*x. Calculate the highest common divisor of 64 and x.
16
Suppose 1475 - 2303 = -4*k. What is the highest common factor of k and 92?
23
Let g(p) = 2*p + 0*p**3 + 2 + 2*p**3 - p**3 - 2*p**2. Let u be g(2). Suppose 0 = -j + u + 5. What is the highest common factor of j and 11?
11
Let w(s) = -s**2 + 12*s + 2. Let m be w(9). Suppose 9*n + m = 10*n. Let x = n + -7. Calculate the highest common divisor of x and 22.
22
Let b = 62 + -22. What is the greatest common factor of 70 and b?
10
Suppose 4*w + s - 6602 = 0, -3*w + 4961 = -14*s + 10*s. Calculate the greatest common factor of w and 13.
13
Let k be ((0 + 0)/3)/((-6)/2). Suppose 3*s + k*s - 54 = 0. Let r be (98/(-10) - 1)*-15. What is the highest common factor of s and r?
18
Let b(n) = -n**3 + 14*n**2 + 17*n - 16. Let y be b(15). Let a = -15 - -22. What is the greatest common factor of y and a?
7
Let q(p) = 2*p**2 + 2*p + 2. Let i = 14 + -6. Let c = i + -11. Let o be q(c). Calculate the greatest common divisor of o and 28.
14
Suppose 0*z + z = 4. Suppose 53 = g + 5*o, -5*o - 237 = 2*g - 6*g. Suppose -g = -4*q + 70. What is the greatest common factor of q and z?
4
Let v = -61 - -216. Let t = v - 145. What is the greatest common divisor of 30 and t?
10
Let d be ((-32)/10)/((-10)/(-275)). Let u = -37 - d. What is the greatest common divisor of u and 17?
17
Let i(c) = -c**3 + c**2 - 1. Let l be i(-4). Suppose -o + 3*w = 25 - l, 4*o + 4*w = 200. What is the greatest common factor of o and 34?
17
Let w = 147 - 141. Calculate the greatest common divisor of w and 39.
3
Let y(k) = -7*k**3 - 2*k**2 + 1. Let f be y(1). Let l(p) = p**3 + 7*p**2 - 9*p - 5. Let g be l(f). Calculate the highest common divisor of g and 2.
1
Let z be 12/20 - 648/(-20). Let d = 48 - z. Calculate the highest common factor of 45 and d.
15
Let r(o) = 9*o**2 - 3*o - 4. Let m be r(3). Suppose n = 5*d - 1, m = 4*n - 4*d + 2*d. Calculate the highest common factor of 152 and n.
19
Suppose -3*h + 72 = -0*h. Suppose 2*t + 0*t = -3*d + 67, 0 = d + t - h. Calculate the greatest common factor of d and 19.
19
Suppose 5*l + 75 = 5*d, d - 3*d + 45 = l. Let o(h) = -2*h**2 + 23*h + 49. Let r be o(11). Calculate the greatest common divisor of r and d.
20
Let y(j) = -j - 2. Let u be y(-4). Let w(q) = -1 + 3*q**2 - q**3 - 3*q**u - q + 2 + 2*q**2. Let p be w(1). What is the highest common factor of 5 and p?
1
Let s = -2921 - -3074. What is the greatest common factor of 391 and s?
17
Suppose i + 1302 = 8*i. What is the highest common divisor of 310 and i?
62
Suppose -121*d = -101*d - 540. Calculate the highest common divisor of 2727 and d.
27
Let l(h) be the second derivative of h**3/2 + h**2/2 + 8*h. Suppose 2 = 4*c - 2. Let a be l(c). What is the greatest common factor of 28 and a?
4
Let w(k) = 6*k**2 - 73*k + 14. Let i be w(14). Calculate the greatest common divisor of 63 and i.
21
Let n(m) = m**3 + 15*m**2 - 20*m - 52. Let l be n(-16). What is the greatest common factor of l and 132?
12
Let l(p) = 12*p**2 - 20*p + 88. Let b be l(6). Calculate the greatest common factor of 125 and b.
25
Let l be 0 + 9/(-3) + -1. Let w be (-142)/(-6) - l/12. Let r be (-30 + 0)*(-7 + (-33)/(-5)). Calculate the greatest common divisor of r and w.
12
Suppose -6*k - 437 = -1403. Suppose -2*i + 9*i = 161. What is the greatest common factor of i and k?
23
Suppose 64 = -3*d + 58, 0 = -o + 2*d + 484. Calculate the highest common divisor of o and 75.
15
Let h = -1656 - -1675. Calculate the highest common divisor of h and 38.
19
Suppose 5*j - 1712 = 4*s, 1716 = 5*j - 6*s + 4*s. Let u = -243 + 286. What is the highest common factor of j and u?
43
Suppose 8*w - 3*w + 20 = 0. Let q(u) = -11*u - 3. Let d be q(w). Calculate the greatest common factor of 287 and d.
41
Let t be 35 - (-3*(-4 - -2) - 1). What is the highest common divis